{"id":82,"date":"2020-11-06T09:21:50","date_gmt":"2020-11-06T09:21:50","guid":{"rendered":"http:\/\/test.fritz-ullmann-grundschule.de\/?page_id=82"},"modified":"2025-10-30T11:54:43","modified_gmt":"2025-10-30T11:54:43","slug":"nachmittagsbetreuung","status":"publish","type":"page","link":"http:\/\/grundschule.fischerbacher-bildungshaus.de\/?page_id=82","title":{"rendered":"Nachmittagsbetreuung"},"content":{"rendered":"\n<p>Die B\u00fcrgergemeinschaft Fischerbach e.V. bietet eine flexible Nachmittagsbetreuung f\u00fcr die Grundschulkinder in Fischerbach an. Sie findet folgenderma\u00dfen statt:<\/p>\n\n\n\n<p>Montag &#8211; Donnerstag: 13.00 Uhr &#8211; 17. 00 Uhr<\/p>\n\n\n\n<p><\/p>\n\n\n\n<div style=\"height:30px\" aria-hidden=\"true\" class=\"wp-block-spacer\"><\/div>\n\n\n\n<p>N\u00e4here Informationen erhalten Sie im&nbsp;<strong>B\u00fcrgerKontaktB\u00fcro<\/strong>.<\/p>\n\n\n\n<div style=\"height:30px\" aria-hidden=\"true\" class=\"wp-block-spacer\"><\/div>\n\n\n\n<p class=\"has-text-align-center\"><strong>\u00d6ffnungszeiten:<\/strong><\/p>\n\n\n\n<p class=\"has-text-align-center\">Dienstag: 9.00 Uhr &#8211; 11.00 Uhr<\/p>\n\n\n\n<p class=\"has-text-align-center\">Donnerstag: 16.00 Uhr &#8211; 18.00 Uhr<\/p>\n\n\n\n<p class=\"has-text-align-center\">Telefon: 07832\/9740988<\/p>\n\n\n\n<p class=\"has-text-align-center\">Handy: 0157\/88444840<\/p>\n\n\n\n<p class=\"has-text-align-center\">E-mail:\u00a0<a href=\"mailto:info@bg-fischerbach.de\">info@bg-fischerbach.de<\/a><\/p>\n\n\n\n<p class=\"has-text-align-center\">Ansprechpartnerin: Petra Kr\u00e4mer<\/p>\n","protected":false},"excerpt":{"rendered":"<p>Die B\u00fcrgergemeinschaft Fischerbach e.V. bietet eine flexible Nachmittagsbetreuung f\u00fcr die Grundschulkinder in Fischerbach an. Sie findet folgenderma\u00dfen statt: Montag &#8211; Donnerstag: 13.00 Uhr &#8211; 17. [&hellip;]<\/p>\n","protected":false},"author":1,"featured_media":2959,"parent":5,"menu_order":7,"comment_status":"closed","ping_status":"closed","template":"","meta":{"footnotes":""},"class_list":["post-82","page","type-page","status-publish","has-post-thumbnail","hentry"],"_links":{"self":[{"href":"http:\/\/grundschule.fischerbacher-bildungshaus.de\/index.php?rest_route=\/wp\/v2\/pages\/82","targetHints":{"allow":["GET"]}}],"collection":[{"href":"http:\/\/grundschule.fischerbacher-bildungshaus.de\/index.php?rest_route=\/wp\/v2\/pages"}],"about":[{"href":"http:\/\/grundschule.fischerbacher-bildungshaus.de\/index.php?rest_route=\/wp\/v2\/types\/page"}],"author":[{"embeddable":true,"href":"http:\/\/grundschule.fischerbacher-bildungshaus.de\/index.php?rest_route=\/wp\/v2\/users\/1"}],"replies":[{"embeddable":true,"href":"http:\/\/grundschule.fischerbacher-bildungshaus.de\/index.php?rest_route=%2Fwp%2Fv2%2Fcomments&post=82"}],"version-history":[{"count":9,"href":"http:\/\/grundschule.fischerbacher-bildungshaus.de\/index.php?rest_route=\/wp\/v2\/pages\/82\/revisions"}],"predecessor-version":[{"id":12341,"href":"http:\/\/grundschule.fischerbacher-bildungshaus.de\/index.php?rest_route=\/wp\/v2\/pages\/82\/revisions\/12341"}],"up":[{"embeddable":true,"href":"http:\/\/grundschule.fischerbacher-bildungshaus.de\/index.php?rest_route=\/wp\/v2\/pages\/5"}],"wp:featuredmedia":[{"embeddable":true,"href":"http:\/\/grundschule.fischerbacher-bildungshaus.de\/index.php?rest_route=\/wp\/v2\/media\/2959"}],"wp:attachment":[{"href":"http:\/\/grundschule.fischerbacher-bildungshaus.de\/index.php?rest_route=%2Fwp%2Fv2%2Fmedia&parent=82"}],"curies":[{"name":"wp","href":"https:\/\/api.w.org\/{rel}","templated":true}]}}